81
Let t(b) = 44*b + 2324. What is t(-7)?
2016
Let v(o) = 119*o**2 + 78*o + 630. Determine v(-7).
5915
Let m(d) = -45*d**2 - 403*d - 33. What is m(-11)?
-1045
Let g(d) = -185*d**3 - 2*d**2 + 2056*d + 2059. Give g(-1).
186
Let f(z) = 2417*z + 655047. What is f(-271)?
40
Let x(l) = l**2 - 111*l + 1529. Give x(23).
-495
Let g(v) = -v**3 + 40*v**2 + 273*v - 32. Determine g(-6).
-14
Let r(y) = -19*y**3 - 48*y**2 - 138*y - 15. Determine r(-4).
985
Let s(o) = -2*o**3 - 66*o**2 + 630*o - 1071. Calculate s(-41).
-5
Let j(b) = -87*b**2 + 167252*b - 73028. Determine j(1922).
8
Let q(y) = 5*y**3 + 111*y**2 + 529*y - 22. What is q(-15)?
143
Let n(m) = 3*m**2 + 89*m + 29. Determine n(-40).
1269
Let i(f) = -62645*f + 751781. Calculate i(12).
41
Let i(m) = -m**3 - 229*m**2 + 1636*m - 3757. What is i(-236)?
19
Let r(s) = s**2 + 129*s + 699. Calculate r(-4).
199
Let o(i) = -22*i**2 - 1473*i - 209. Calculate o(-67).
-276
Let l(k) = k**3 + 4*k**2 - 58*k - 38. Determine l(-9).
79
Let u(n) = -276*n + 54689. Determine u(196).
593
Let z(t) = t**2 - 14136*t + 84795. Determine z(6).
15
Let m(a) = 58*a**2 - 39*a + 144. What is m(6)?
1998
Let x(r) = 2*r**3 + 141*r**2 + 201*r - 295. Give x(-69).
119
Let k(f) = -2*f**3 + 5*f**2 + 138*f - 545. Calculate k(4).
-41
Let r(u) = 2*u**2 - 2785*u + 89733. What is r(33)?
6
Let q(g) = g**3 - 84*g**2 + 1594*g + 37. Calculate q(55).
-18
Let w(o) = -22*o**3 - 147*o**2 + 31*o + 34. Determine w(-8).
1642
Let l(s) = -5*s**2 + 31276*s + 250522. Calculate l(-8).
-6
Let p(u) = -u**3 + 84*u**2 - 1512*u + 224. Determine p(58).
-8
Let f(p) = -17407*p - 3777319. Give f(-217).
0
Let g(r) = -3*r**3 + 31*r**2 + 21*r - 621. Determine g(13).
-1700
Let d(n) = -2*n**3 + 30*n**2 + 1001*n - 298. What is d(31)?
-19
Let t(u) = -u**3 + 5*u**2 + 51*u - 147. Determine t(3).
24
Let r(k) = -4*k**2 - 18536*k - 2828828. Calculate r(-158).
4
Let k(l) = 423*l**3 - 395*l**2 + 5*l - 5. Determine k(1).
28
Let s(h) = -h**3 - 120*h**2 + 865*h - 1299. Give s(-127).
1749
Let h(a) = -a**3 + 65*a**2 - 222*a + 1847. Give h(62).
-385
Let o(k) = -229356*k - 458721. What is o(-2)?
-9
Let l(h) = 30*h**3 - h**2 - 621*h - 1246. Calculate l(-2).
-248
Let u(f) = 18*f**3 - 4*f**2 - 155*f - 234. What is u(0)?
-234
Let a(j) = 2909*j - 29095. Give a(10).
-5
Let z(q) = -3*q**2 + 906*q - 21522. Determine z(276).
6
Let b(u) = u**2 + 879*u + 20327. Determine b(-23).
639
Let t(u) = 75921*u + 455436. Give t(-6).
-90
Let x(d) = -d**2 + 471*d - 39442. Determine x(123).
3362
Let r(y) = -9654*y - 154410. Give r(-16).
54
Let g(d) = 47*d**2 - 307*d + 62. Give g(6).
-88
Let o(s) = -5*s**2 - 366*s + 4256. What is o(10)?
96
Let w(u) = 9*u**2 + 1512*u - 541. Give w(-168).
-541
Let n(x) = 17593*x + 703768. Determine n(-40).
48
Let c(h) = -2*h**3 - 416*h**2 + 1284*h + 3805. What is c(-211)?
7
Let n(p) = p**2 + p - 178. Calculate n(-30).
692
Let o(m) = -25*m**2 - 142*m + 22. What is o(-10)?
-1058
Let n(s) = -1277*s + 14. What is n(1)?
-1263
Let k(f) = -3*f**3 - 113*f**2 + 436*f - 137. Give k(-41).
-1203
Let l(m) = -85*m**3 + 2*m**2 + 8*m + 10. Determine l(-2).
682
Let s(o) = -381953*o - 6875171. Calculate s(-18).
-17
Let i(d) = -6*d**2 + 47*d + 694. What is i(-19)?
-2365
Let o(h) = 16607*h - 66467. Give o(4).
-39
Let t(b) = b**2 - 11342*b + 979175. Calculate t(87).
-10
Let y(m) = -m**2 + 1221*m - 131136. Give y(119).
2
Let t(b) = -800*b**2 + 701*b + 671. Calculate t(-1).
-830
Let r(d) = -2*d**3 + 30*d**2 + 731*d - 59. Determine r(28).
25
Let h(p) = -1212*p - 54554. What is h(-45)?
-14
Let g(w) = 724*w - 90376. What is g(117)?
-5668
Let h(m) = m**3 + 51*m**2 + 519*m - 71. What is h(-37)?
-108
Let f(n) = -n**3 + 8*n**2 + 2906*n + 32. What is f(58)?
380
Let q(j) = 7*j**3 - 290*j**2 - 324*j + 18288. What is q(41)?
-39
Let w(m) = 19981*m + 79905. What is w(-4)?
-19
Let h(n) = -2360555*n + 33047769. Calculate h(14).
-1
Let h(i) = i**3 + 21*i**2 + 210*i - 459. Determine h(2).
53
Let p(g) = 5833*g - 857452. Calculate p(147).
-1
Let i(y) = 77878*y + 155754. What is i(-2)?
-2
Let w(o) = -12*o**3 - 45*o**2 - 7*o + 25. What is w(2)?
-265
Let r(z) = z**3 - 103*z**2 + 52*z - 5277. What is r(103)?
79
Let x(b) = -10*b**3 - 53*b**2 + 4*b + 81. What is x(-6)?
309
Let g(k) = 1216*k - 28206. Calculate g(23).
-238
Let b(k) = 237*k**2 - 19910*k + 147. Give b(84).
-21
Let t(v) = -322*v + 15231. Calculate t(46).
419
Let x(g) = -1785*g - 8750. What is x(-5)?
175
Let f(t) = 7786*t**2 - 31036*t - 3. What is f(4)?
429
Let i(w) = w**3 - 16*w**2 + 38*w - 70. What is i(20)?
2290
Let i(o) = -4501*o - 22425. What is i(-5)?
80
Let j(k) = -98*k**2 - 31*k + 127. What is j(1)?
-2
Let t(s) = 16*s**2 + 1558*s + 593. Give t(-97).
11
Let w(a) = 5241*a + 68039. Give w(-13).
-94
Let i(r) = 44995*r - 448986. Determine i(10).
964
Let v(z) = -z**2 + 5048*z + 5677261. Give v(-947).
-4
Let b(a) = -17*a**2 + 78*a - 18. Give b(10).
-938
Let o(g) = -6*g**3 + 432*g**2 + 443*g - 382. What is o(73)?
-17
Let k(z) = 8*z**2 - 283*z - 710. Calculate k(-3).
211
Let a(o) = o**3 - 47*o**2 - 2002*o + 189. What is a(74)?
-107
Let g(j) = -333*j**2 - 409*j - 35. Give g(-1).
41
Let s(p) = 37136*p - 222827. Determine s(6).
-11
Let s(x) = 3*x**2 + 163*x - 6295. Give s(26).
-29
Let w(m) = -6519*m + 169462. What is w(26)?
-32
Let k(y) = 226*y**2 + 3875*y + 45. What is k(-17)?
-516
Let k(y) = -2568*y - 410882. Give k(-160).
-2
Let h(b) = -1710*b - 333454. What is h(-195)?
-4
Let p(z) = -396*z**2 - 24952*z + 12. Determine p(-63).
264
Let o(r) = 5*r**2 - 1669*r - 6638. Calculate o(-4).
118
Let p(x) = 4359*x + 87314. Give p(-20).
134
Let a(h) = -3496*h - 160785. Determine a(-46).
31
Let m(j) = -3*j**3 - 197*j**2 + 7482*j + 647. Determine m(27).
-1
Let x(q) = -752*q - 157366. Give x(-209).
-198
Let p(s) = 3*s**3 + 12702*s - 38098. Determine p(3).
89
Let j(m) = 28792*m - 460676. What is j(16)?
-4
Let l(b) = 4*b**3 - 194*b**2 + 94*b + 94. Give l(48).
-2
Let l(s) = 170461*s - 21307626. What is l(125)?
-1
Let j(v) = -2*v**3 - 62*v**2 + 178*v + 129. Give j(-33).
-1389
Let u(c) = 77*c**2 + 308*c - 58. What is u(-5)?
327
Let q(n) = -234997*n - 2819974. Determine q(-12).
-10
Let v(b) = -5*b**3 - 22*b**2 - 12*b - 62. What is v(-8)?
1186
Let i(x) = x**3 - 26*x**2 + 30*x - 2390. What is i(28)?
18
Let y(c) = 4*c**2 - 4*c - 9. Calculate y(3).
15
Let j(k) = k**3 + 273*k**2 + 2874*k - 2102. Give j(-262).
-6
Let i(y) = -28640*y + 773290. Calculate i(27).
10
Let q(m) = 690*m**2 - 3381*m - 341. Determine q(5).
4
Let t(q) = 305745*q + 1222863. Determine t(-4).
-117
Let i(w) = -183569*w + 2753537. Determine i(15).
2
Let w(b) = -36074*b + 3607401. Determine w(100).
1
Let i(l) = -40*l**3 + 10*l**2 + 13*l - 17. Give i(1).
-34
Let d(n) = 101*n**2 + 237*n + 1259. What is d(-5)?
2599
Let q(w) = 3*w**3 - 204*w**2 + 560*w - 10793. What is q(66)?
31
Let n(h) = 118*h**3 - 168*h**2 + 134*h + 33. What is n(1)?
117
Let k(x) = -462*x - 17938. Calculate k(-39).
80
Let u(b) = 3335*b**2 + 9993*b - 21. What is u(-3)?
15
Let y(g) = 154*g + 1179. Give y(2).
1487
Let a(c) = -c**3 - 217*c**2 + 15299*c + 2884. Calculate a(-273).
-119
Let s(w) = 663*w + 58947. Determine s(-89).
-60
Let x(r) = 227*r + 1640. Calculate x(-8).
-176
Let b(j) = 7*j**3 + 220*j**2 - 900*j - 865. Give b(-35).
10
Let m(v) = v**3 - 25*v + 277. Determine m(7).
445
Let s(c) = -c**2 + 1064*c + 62683. Calculate s(-56).
-37
Let g(f) = 6*f**2 + 907*f - 2723. Calculate g(3).
52
Let o(r) = 21*r**2 - 1012*r - 26868. Give o(-19).
-59
Let t(r) = -4586*r - 545786. Give t(-119).
-52
Let u(q) = 16*q**2 + 3936*q + 133. Determine u(-246).
133
Let u(i) = 5*i**2 - 681*i + 8573. Calculate u(14).
19
Let h(q) = -17374*q + 521213. What is h(30)?
-7
Let a(t) = -197*t**2 - 8085*t + 101. What is a(-41)?
429
Let r(o) = 44848*o - 493320. Calculate r(11).
8
Let j(m) = 5*m**3 + 20*m**2 + 44*m + 126. Calculate j(-5).
-219
Let a(b) = b**3 + 481*b**2 + 42060*b - 10950. Determine a(-366).
30
Let o(l) = 4*l**2 + 215*l - 1030. Determine o(5).
145
Let s(q) = -23*q**2 + 427*q + 619. Determine s(20).
-41
Let k(d) = -49*d**2 + 4301*d - 4243. Calculate k(1).
9
Let l(b) = b**2 + 53*b - 2583. What is l(-85)?
137
Let u(i) = -20*i**2 + 4480*i - 85248. Give u(21).
12
Let n(c) = 5115*c + 86963. Determine n(-17).
8
Let f(q) = -q**2 + 423*q + 65196. Determine f(-120).
36
Let m(g) = 16*g**2 -